{"id":29532,"date":"2019-03-14T09:23:24","date_gmt":"2019-03-14T09:23:24","guid":{"rendered":"https:\/\/www.weingut-michel.net\/catalog\/?page_id=29532"},"modified":"2019-08-27T09:44:34","modified_gmt":"2019-08-27T09:44:34","slug":"agb","status":"publish","type":"page","link":"https:\/\/www.weingut-michel.net\/catalog\/?page_id=29532","title":{"rendered":"AGB"},"content":{"rendered":"<p><!-- IBGHTML --><\/p>\n<p><\/p>\n<p align=\"center\"><font size=\"5\">Wir berechnen&nbsp; f\u00fcr Kunden im Deutschland keine Versandkosten<br \/>Egal wieviel sie bestellen.<br \/><font color=\"#ff8000\">F\u00fcr Kunden in den EU Nachbarl\u00e4ndern versenden wir&nbsp; f\u00fcr eine Pauschale von&nbsp;8,00 \u20ac<\/p>\n<p><font color=\"#000000\">Bankverbindung: Postbank<\/font><br \/>DE06 1001 0010 0806 6591 37<br \/>Bic: PBNKDEFF<\/p>\n<p><\/font><\/font>Impressum:<br \/>Weingut <br \/>Michel GbR<br \/>Am Eichbaum 1, 55288 Gabsheim<br \/>Tel.: 06732\/62792 Mobil 0177 655 144 1<br \/>e-mail: <a href=\"mailto:info@dasweingutmichel.de\">info@dasweingutmichel.de<\/a><br \/><a href=\"https:\/\/www.dasweingut-michel.de\">https:\/\/www.dasweingut-michel.de<\/a><br \/>Betriebsnummer der Landwirtschaftskammer 4 282 039<br \/>Steuernummer:&nbsp;&nbsp;8 234 02205<br \/><span class=\"Normal-C0\">Umsatzsteuer IDNr. DE454900733<\/span><\/p>\n<p>Allgemeine Gesch\u00e4ftsbedingungen (AGB) f\u00fcr Online-Warenbestellungen von Endverbrauchern<br \/>Stand: 01.07.2025<\/p>\n<p>\u00a71 Geltungsbereich<br \/>F\u00fcr Ihre Online-Warenbestellungen \u00fcber unsere -Homepage gelten ausschlie\u00dflich die nachfolgenden Allgemeinen Gesch\u00e4ftsbedingungen, in ihrer zum Zeitpunkt der Bestellung g\u00fcltigen Fassung. Sie k\u00f6nnen den Text auf Ihren Computer herunterladen oder ausdrucken. Etwaige von diesen Bedingungen abweichende Regelungen gelten nur, sofern sie von uns schriftlich best\u00e4tigt worden sind. <br \/>Weingut Michel<br \/>Inh. Thomas Michel<br \/>&nbsp;Am Eichbaum 1, 55288 Gabsheim<br \/>Mail: <a href=\"mailto:info@dasweingutmichel.de\">info@dasweingutmichel.de<\/a><br \/>Tel. 06732 62792&nbsp; Mobil 0177 655 144 1<\/p>\n<p>\u00a72 Vertragsabschluss<br \/>Unsere Angaben zu Waren und Preisen innerhalb des Bestellvorganges sind freibleibend und unverbindlich. Mit Ihrer Bestellung geben Sie ein bindendes Angebot ab; dieses Angebot wird durch uns angenommen, sofern und sobald wir dem Angebot eine Bestellnummer zuteilen. Bis zu diesem Zeitpunkt haben wir insbesondere das Recht, von der Lieferung der angebotenen Waren im Falle ihrer Nichtverf\u00fcgbarkeit Abstand zu nehmen. Erst mit der Annahme des Angebots entsteht ein Anspruch auf Lieferung der Ware.<br \/>Das zur Bestellung erforderliche Passwort d\u00fcrfen Sie nicht an Dritte weitergeben. Im Falle einer Weitergabe stehen Sie auch f\u00fcr Bestellungen des Dritten ein. F\u00fcr jegliche Bestellungen mit Ihrem Passwort und daraus resultierender Forderungen kommen Sie auf. <\/p>\n<p>\u00a7 4 Lieferung<br \/>(1) Wir liefern ausschlie\u00dflich an Lieferadressen innerhalb von Deutschland. Die Lieferung erfolgt ab unserem Auslieferungslager an die von Ihnen angegebene Lieferadresse. Bei Lieferungen innerhalb von Deutschland berechnen wir keine Versandkosten.. <br \/>(2) Wir sind zu Teillieferungen berechtigt. Bei Teillieferungen tragen wir selbstverst\u00e4ndlich die dadurch entstehenden zus\u00e4tzlichen Versandkosten. <br \/>\u00a7 5 F\u00e4lligkeit und Zahlung, Eigentumsvorbehalt<br \/>(1) Der Kaufpreis wird mit Lieferung f\u00e4llig. Bei Neukunden&nbsp; und Bestellungen ohne Anmeldung im Shop bieten wir ausschlie\u00dflich Vorkasse an.<br \/>(3) Wenn Sie in Zahlungsverzug geraten, sind wir zur Berechnung von Verzugszinsen in H\u00f6he von 5% \u00fcber dem von der Europ\u00e4ischen Zentralbank bekanntgegebenen aktuellen Basiszinssatz berechtigt. Ihnen bleibt jedoch der Nachweis vorbehalten, dass kein oder ein geringerer Schaden entstanden ist. <br \/>(4) Die gelieferte Ware bleibt bis zur vollst\u00e4ndigen Zahlung in unserem Eigentum. <\/p>\n<p align=\"center\">\u00a76 M\u00e4ngelanspr\u00fcche<br \/>1) Die Produktabbildungen m\u00fcssen nicht immer mit dem Aussehen der gelieferten Produkte \u00fcbereinstimmen. Insbesondere kann es nach Sortimentserneuerungen der Hersteller zu Ver\u00e4nderungen im Aussehen und in der Ausstattung der Produkte kommen. M\u00e4ngelanspr\u00fcche bestehen insofern nicht, als die Ver\u00e4nderungen f\u00fcr den Kunden zumutbar sind.<br \/>(2) Sofern die Ware mit M\u00e4ngeln behaftet ist, werden wir in angemessener Zeit f\u00fcr Nacherf\u00fcllung, d.h. entweder f\u00fcr Ersatzlieferung oder f\u00fcr Beseitigung der M\u00e4ngel sorgen. Ist die von Ihnen gew\u00e4hlte Nacherf\u00fcllung nur mit unverh\u00e4ltnism\u00e4\u00dfigem Kostenaufwand m\u00f6glich, sind wir berechtigt, in der anderen Form nachzuerf\u00fcllen. Die f\u00fcr die Nacherf\u00fcllung erforderlichen Aufwendungen werden durch uns getragen. Gelingt uns die Nacherf\u00fcllung nicht, so haben Sie nach Ihrer Wahl das Recht auf R\u00fcck-g\u00e4ngigmachung des Kaufes oder Herabsetzung des Kaufpreises. <br \/>(3) Mangelhafte Waren sind an uns zur\u00fcckzugeben, es sei denn, Sie haben sich zur Minderung des Kaufpreises entschlossen.<br \/>(4) M\u00e4ngelanspr\u00fcche verj\u00e4hren in 2 Jahren ab dem Zeitpunkt der Ablieferung der Ware<\/p>\n<p>\u00a7 7 Schadensersatz<br \/>Schadensersatz wegen Verletzung einer Pflicht aus dem Vertragsverh\u00e4ltnis ist nur unter den gesetzlichen Voraussetzungen und nur im Falle von Vorsatz oder grober Fahrl\u00e4ssigkeit zu leisten. Entsprechendes gilt f\u00fcr Schadensersatzanspr\u00fcche auf Grund des Produkthaftungsgesetzes. <\/p>\n<p>\u00a7 8 Datenschutz\/Kreditpr\u00fcfung<br \/>Die f\u00fcr die Gesch\u00e4ftsabwicklung notwendigen Daten werden gespeichert. Alle pers\u00f6nlichen Daten werden selbstverst\u00e4ndlich vertraulich behandelt. <\/p>\n<p>\u00a7 9 Sonstiges<br \/>(1) Es gilt deutsches Recht unter Ausschluss des UN-Kaufrechts.<br \/>(2) Beanstandungen k\u00f6nnen unter der in \u00a7 1 genannten Adresse geltend gemacht werden. <\/p>\n<p><\/p>\n<p align=\"center\">\n<p>&nbsp;<\/p>\n<p><\/p>\n<p align=\"center\">&nbsp;<\/p>\n<p><\/p>\n<p align=\"center\">\n<p>&nbsp;<\/p>\n<p><\/p>\n<p align=\"center\">&nbsp;<\/p>\n<p><\/p>\n<p align=\"center\">\n<p>&nbsp;<\/p>\n<p><\/p>\n<p align=\"center\">&nbsp;<\/p>\n<p><\/p>\n<p align=\"center\">\n<p>&nbsp;<\/p>\n<p><\/p>\n<p align=\"center\">&nbsp;<\/p>\n","protected":false},"excerpt":{"rendered":"<p>Wir berechnen&nbsp; f\u00fcr Kunden im Deutschland keine VersandkostenEgal wieviel sie bestellen.F\u00fcr Kunden in den EU Nachbarl\u00e4ndern versenden wir&nbsp; f\u00fcr eine Pauschale von&nbsp;8,00 \u20ac Bankverbindung: PostbankDE06 1001 0010 0806 6591 37Bic: PBNKDEFF Impressum:Weingut Michel GbRAm Eichbaum 1, 55288 GabsheimTel.: 06732\/62792 Mobil 0177 655 144 1e-mail: info@dasweingutmichel.dehttps:\/\/www.dasweingut-michel.deBetriebsnummer der Landwirtschaftskammer 4 282 039Steuernummer:&nbsp;&nbsp;8 234 02205Umsatzsteuer IDNr. DE454900733 Allgemeine [&hellip;]<\/p>\n","protected":false},"author":1,"featured_media":0,"parent":0,"menu_order":0,"comment_status":"closed","ping_status":"closed","template":"","meta":{"footnotes":""},"class_list":["post-29532","page","type-page","status-publish","hentry"],"_links":{"self":[{"href":"https:\/\/www.weingut-michel.net\/catalog\/index.php?rest_route=\/wp\/v2\/pages\/29532"}],"collection":[{"href":"https:\/\/www.weingut-michel.net\/catalog\/index.php?rest_route=\/wp\/v2\/pages"}],"about":[{"href":"https:\/\/www.weingut-michel.net\/catalog\/index.php?rest_route=\/wp\/v2\/types\/page"}],"author":[{"embeddable":true,"href":"https:\/\/www.weingut-michel.net\/catalog\/index.php?rest_route=\/wp\/v2\/users\/1"}],"replies":[{"embeddable":true,"href":"https:\/\/www.weingut-michel.net\/catalog\/index.php?rest_route=%2Fwp%2Fv2%2Fcomments&post=29532"}],"version-history":[{"count":2,"href":"https:\/\/www.weingut-michel.net\/catalog\/index.php?rest_route=\/wp\/v2\/pages\/29532\/revisions"}],"predecessor-version":[{"id":33188,"href":"https:\/\/www.weingut-michel.net\/catalog\/index.php?rest_route=\/wp\/v2\/pages\/29532\/revisions\/33188"}],"wp:attachment":[{"href":"https:\/\/www.weingut-michel.net\/catalog\/index.php?rest_route=%2Fwp%2Fv2%2Fmedia&parent=29532"}],"curies":[{"name":"wp","href":"https:\/\/api.w.org\/{rel}","templated":true}]}}